s digit of (-2*12/u)/(2/38)?
5
What is the hundreds digit of (-2)/13 - 1060050/(-195)?
4
Let x = -203 + 1294. Let s = -505 + x. What is the hundreds digit of s?
5
What is the ten thousands digit of 4*(-5193)/(-2) + -19?
1
Let a be 12 - ((-7)/14 + (-18)/(-4)). What is the units digit of (48/a)/(-6)*-1216?
6
Let u(v) = -263*v + 7. Let z be u(-9). Suppose -10*m - 6 = z. Let h = m + 335. What is the units digit of h?
7
Suppose 0 = 2*n - 0*n - 1532. Let b(i) = i**3 - 4*i**2 - 19*i + 73. Let y be b(5). Suppose 555 = y*z - 5*r, 3*z + z - n = -2*r. What is the tens digit of z?
9
Let g = 199 + -122. Suppose 2*o + g + 51 = 4*l, 0 = -3*l - 5*o + 122. What is the tens digit of l?
3
Suppose -30*j + 456 = -34*j. Suppose -526 = -4*l + 666. Let s = j + l. What is the hundreds digit of s?
1
Suppose -19*o + 2747 = -901. Suppose l + 2*d - 23 = 25, 2*d - o = -4*l. What is the units digit of l?
8
Let h(m) be the second derivative of -2*m**5/5 + m**4/3 - 5*m**3/6 + m**2 + 2*m. Let f be h(2). Let c = f + 73. What is the units digit of c?
7
Let d be ((-143)/(-2))/(5/10). Suppose -d + 12428 = 9*x. What is the tens digit of (2/(-6))/((-5)/x)?
9
Suppose -z + 18*k - 17*k = -34441, -172237 = -5*z - 3*k. What is the thousands digit of z?
4
Let m(z) = -35*z + 1 - 4*z - 23*z**2 + 3 + 21*z**2. What is the units digit of m(-17)?
9
Suppose -9864 - 2007 = -9*h. Suppose 0 = 15*x - h - 1531. What is the tens digit of x?
9
Suppose -3*w - 20637 = -2*g, -50*w = 5*g - 52*w - 51587. What is the tens digit of g?
1
Suppose -a - 4*i = 14, -3*a - 4*i + 3*i = 20. Let j(b) = -9 - b**3 - 3*b + 6*b**2 + 0*b**3 + 2*b**3. What is the units digit of j(a)?
9
Suppose -42 = -22*w + 2. Suppose w*u + 8*u = 4430. What is the tens digit of u?
4
Let a(j) = j + 4. Suppose b - 40 = 4*v, 23 = 4*b + 7. Let c = v + 13. What is the units digit of a(c)?
8
What is the units digit of 32034/8 - ((-390)/40)/13?
5
Suppose -124*s = -135*s - 330. Let j = 67 - s. What is the units digit of j?
7
Suppose -4*t = 255 - 295. What is the units digit of 2782/4 - (-35)/t?
9
Suppose 4*y + 5*t = 3*y + 35242, -70400 = -2*y + 2*t. What is the tens digit of y?
0
What is the units digit of 3078/(-180) + 17 - 992733/(-30)?
1
Let l(i) = -2*i**3 - 7*i**2 - 13*i - 27. Suppose -3 = 4*b - b, 3*j + 25 = -4*b. What is the hundreds digit of l(j)?
4
Let x = 3856 - 41. What is the tens digit of x?
1
Suppose 0 = -18*m + 23*m - 410. Let l be (-2)/6*(-3 + 3). Suppose l = -w + 92 + m. What is the tens digit of w?
7
Suppose 7*f + 7 = -14. Let r be f/6*2 - -234. Suppose -g = 4*y - 83, 2*g - 4*y = -g + r. What is the units digit of g?
9
Let x = 19 + -15. Suppose 0 = 5*h - w - 23, -3*w = -x*h - 2*w + 19. Suppose h*y - 71 - 53 = 0. What is the tens digit of y?
3
Suppose 15*d = 10*d + i + 22, 5*d = 3*i + 16. Suppose 4*r - 344 = -x, 2*x - 753 = -0*x + d*r. What is the tens digit of x?
6
Let v = -62813 + 134850. What is the thousands digit of v?
2
Suppose -17*a + 206 - 138 = 0. Suppose 5*b + 2920 = 5*p, 11*p + 1174 = 13*p - a*b. What is the hundreds digit of p?
5
Let k(h) = -h**2 + 2 - 2*h**2 + 209*h**3 + 873*h**3 + 2*h**2. What is the thousands digit of k(1)?
1
Let p(n) = n**3 + 87*n**2 - 145*n + 75. What is the tens digit of p(-88)?
9
What is the tens digit of ((-2952)/(-8))/(6/76)?
7
Let r = 154565 + -75337. What is the hundreds digit of r?
2
Let f = 1733 - 889. Suppose 45 + 388 = k - 4*d, -2*k - 3*d + f = 0. What is the units digit of k?
5
What is the units digit of 4 + ((-24)/(-4) - 3) - -4247?
4
Let x(v) = 23*v + 11*v - 21*v - 24. What is the hundreds digit of x(10)?
1
Let p(j) = -234*j**3 + j**2 - 2*j + 11. What is the hundreds digit of p(-2)?
8
Let r = 37 + -26. Let n(v) = 11*v**2 - v**3 + 5*v**3 - r - 5*v**3 + 2*v**3 + 6*v. What is the tens digit of n(-7)?
4
Let s(z) = z**3 + 9*z**2 + 69*z + 7. What is the tens digit of s(12)?
5
What is the units digit of ((-13)/(-3) - (-3)/9)*(-1074432)/(-512)?
3
Let y be (-128786)/(-280) + (-25)/(-500). Suppose 2*r + 2*u - 12 = 0, 2*u - 23 = -3*r - 2*u. What is the hundreds digit of 198/(-132)*r/((-3)/y)?
2
Suppose -3*q - 8*q = -77. Let g = q - -7. What is the tens digit of g?
1
Let i be (1648/10)/((-6)/(-75)). Let u = 2897 - i. Let f = u - 553. What is the tens digit of f?
8
Let a(l) = 458*l**2 - 9*l + 25. Let s be a(6). Suppose 3483 = 26*q - s. What is the units digit of q?
7
Let u be 0*-3*5/30. Suppose -3*j = -u*j - 18. Suppose -73 = 5*m - j*m. What is the units digit of m?
3
Let c = -84 + 87. Suppose -17*l - c*l = 20. What is the units digit of l/(3/(-849)) + (-4 - 0)?
9
Let h(l) be the first derivative of l**3/3 - 3*l**2/2 - 7*l + 2. Let d be h(-10). What is the units digit of (d - 1) + 0/5?
2
Suppose 41*j = 884 + 428. Suppose j*n - 10368 - 33056 = 0. What is the tens digit of n?
5
Suppose 0 = 44*i - 9*i + 32*i - 747318. What is the thousands digit of i?
1
Let j(i) = 458*i + 50. What is the hundreds digit of j(8)?
7
Let d(i) = 70*i**3 - i**2 + i + 8. What is the hundreds digit of d(3)?
8
Suppose 29 + 172 = -3*z. Let f = 151 + -214. Let y = f - z. What is the units digit of y?
4
Let u be (1 + 30/(-4))/((-117)/702). Suppose -u*v + 33609 = 1707. What is the tens digit of v?
1
Suppose 8*c + 9 = 11*c. Suppose -4*p - g + 420 = 0, 2*p + 4*g = c*p - 122. What is the units digit of p?
6
Suppose 147*m - 131*m - 704 = 0. Suppose -m*i - 246 = -48*i + 2*k, -k + 1 = 0. What is the units digit of i?
2
Let l(m) = -10189*m**2 - 13*m + 48. Let r be l(3). What is the hundreds digit of 2/5 + r/(-270)?
3
Let z = -75 + 0. Let q = 78 + z. Suppose 781 = 5*h - i + 249, 3*i + 312 = q*h. What is the units digit of h?
7
Let p be 40/50 + (-72)/(-10). Let x be 114/4*p/(-4). Let i = x - -81. What is the tens digit of i?
2
Suppose -2*v - 4*j + 3 = -3*v, 0 = -3*v - 5*j + 25. Let q(m) = 184*m - 10. What is the tens digit of q(v)?
1
Let s(k) = k**2 + 22*k + 199. Suppose -98 = 3*r + 5*l, -l + 22 = -2*r + r. What is the hundreds digit of s(r)?
3
Let t(d) = 52*d + 301. Let f(p) = 102*p + 603. Let y(v) = 4*f(v) - 9*t(v). What is the hundreds digit of y(-9)?
2
Let c(b) = -14*b - 8. Let v be c(-2). Let p = v + -22. What is the tens digit of 122/6*6/(p/(-1))?
6
Let j(w) = -w**3 - w**2 + 4. Let y be j(0). Let z be 1106/154 - y/(-66)*-3. Suppose 2*q - z*q = -435. What is the units digit of q?
7
Suppose 5*d + 565 + 835 = 0. What is the units digit of (-210)/d - 413/(-4)?
4
Let z(s) = -s**3 - 17*s**2 + 8*s - 162. What is the hundreds digit of z(-24)?
6
Let o(p) = -3*p**3 - 10*p**2 - 25*p - 24. Let r(j) = -4*j**3 - 11*j**2 - 27*j - 26. Let g(a) = -6*o(a) + 5*r(a). What is the tens digit of g(-6)?
3
What is the units digit of 7094 - 14/(-10)*-10?
0
Let f(a) = -200*a - 93. Let x be f(-4). Let y = x - 231. What is the tens digit of y?
7
Suppose -158837 = -7*a + 5*a - 5*b, -b = -3*a + 238264. What is the tens digit of a?
2
Suppose 0 = -w + 2*a + 4, -3*a = 3*w - 12 - 0. Suppose 3*u + w = u, 3*u = y - 8. Suppose m - 113 = -2*h + 4*h, 0 = y*m - 3*h - 223. What is the tens digit of m?
0
Let q(l) = 586*l**2 + 396*l + 1591. What is the tens digit of q(-4)?
8
Let l(r) = 30*r**3 - 2*r**2 + 3*r - 1. Let z be ((-14)/21)/((-2)/(-6)*-2). Let f be l(z). Let c = 72 - f. What is the tens digit of c?
4
Suppose -49 = d + 57. Let t be (-610)/(-4) + (-1)/(-2). Let j = t + d. What is the tens digit of j?
4
Let n be -313*2/((-1)/(9/6)). Suppose n = 4*y + 5*w, -3*w = y + 4*y - 1164. What is the hundreds digit of y?
2
Suppose -l = -5*l + 100. Let t = -40 + l. Let p = 41 + t. What is the units digit of p?
6
Let z = 1151 + -1617. Let u = z + 853. What is the hundreds digit of u?
3
Suppose -27*s = 779 - 3830. Let g be 142*2/12*3. Let o = s - g. What is the tens digit of o?
4
Suppose 2631 - 3237 = 117*d + 6648. Let x = 78 - -18. Let z = x + d. What is the units digit of z?
4
Let u(n) = 2*n**2 - 6 - 1 + 7 + 24*n. Let p be u(-12). Suppose p = 5*i + 6*i - 385. What is the units digit of i?
5
What is the hundreds digit of -1 + (-3)/(-5) - (-3930758)/545?
2
Suppose 0 = -y + 3*u + 11136, u - 34983 + 12704 = -2*y. What is the tens digit of y?
3
Suppose 3*s - 59349 = -4*j, 90*j - 2*s + 44510 = 93*j. What is the units digit of j?
2
Suppose d = -134 + 146. Suppose d*m - 35 - 4453 = 0. What is the tens digit of m?
7
What is the units digit of 25/((-450)/(-347346)) - (-2 - -11)?
8
Let b(k)